{"id":500,"date":"2023-04-26T02:07:44","date_gmt":"2023-04-26T00:07:44","guid":{"rendered":"https:\/\/malmo.sulf.se\/?page_id=500"},"modified":"2025-12-04T12:22:01","modified_gmt":"2025-12-04T11:22:01","slug":"lokala-avtal","status":"publish","type":"page","link":"https:\/\/sulf.se\/sulfs-foreningar\/sulfuppsala\/lokala-avtal\/","title":{"rendered":"Lokala avtal"},"content":{"rendered":"\n<p class=\"is-style-lead-text\">H\u00e4r hittar du lokala avtal som finns vid Uppsala universitet.<\/p>\n\n\n\n<p>Sammanst\u00e4llningen bygger p\u00e5 information fr\u00e5n Uppsala universitets lokala Saco-S-f\u00f6rening. Alla avtal kanske d\u00e4rf\u00f6r inte finns med p\u00e5 den h\u00e4r sidan. H\u00f6r av dig till Saco-S-f\u00f6reningen vid universitetet om det \u00e4r n\u00e5got avtal du saknar.<\/p>\n\n\n<div\n    class=\"\n      wp-block-local-section-documents not-prose\n      my-8 pt-4 border-t border-neutral-300\n      lg:my-10\n      first:pt-0 first:border-t-0 first:mt-0 last:mb-0\n    \"\n  >\n    \n    <div>\n              <div class=\"mt-3 md:mt-4 first:mt-0\">\n          <h4 class=\"font-medium md:text-lg\">\n            <a\n              rel=\"noopener noreferrer\"\n              target=\"_blank\"\n              href=\"https:\/\/sulf.se\/app\/uploads\/2023\/01\/Uppsala_-Lokalt-kollektivavtal-om-loner-for-doktorander-2022.pdf\"\n            >\n              Uppsala &#8211;  Lokalt-kollektivavtal-om-loner-for-doktorander-2022\n            <\/a>\n          <\/h4>\n        <\/div>\n              <div class=\"mt-3 md:mt-4 first:mt-0\">\n          <h4 class=\"font-medium md:text-lg\">\n            <a\n              rel=\"noopener noreferrer\"\n              target=\"_blank\"\n              href=\"https:\/\/sulf.se\/app\/uploads\/2023\/01\/Uppsala_Lokalt-kollektivavtal-om-undervisning-och-arbetstid-mm-for-doktorander-vid-Uppsala-universitet.pdf\"\n            >\n              Uppsala &#8211; Lokalt kollektivavtal om undervisning och arbetstid mm f\u00f6r doktorander vid Uppsala universitet\n            <\/a>\n          <\/h4>\n        <\/div>\n              <div class=\"mt-3 md:mt-4 first:mt-0\">\n          <h4 class=\"font-medium md:text-lg\">\n            <a\n              rel=\"noopener noreferrer\"\n              target=\"_blank\"\n              href=\"https:\/\/sulf.se\/app\/uploads\/2023\/01\/Uppsala_Lokalt-kollektivavtal-om-undervisning-och-arbetstid-mm-for-larare.pdf\"\n            >\n              Uppsala &#8211; Lokalt kollektivavtal om undervisning och arbetstid mm f\u00f6r l\u00e4rare\n            <\/a>\n          <\/h4>\n        <\/div>\n              <div class=\"mt-3 md:mt-4 first:mt-0\">\n          <h4 class=\"font-medium md:text-lg\">\n            <a\n              rel=\"noopener noreferrer\"\n              target=\"_blank\"\n              href=\"https:\/\/sulf.se\/app\/uploads\/2023\/01\/Uppsala_Obekvamtidstillagg-for-larare-som-innehar-anstallning-vid-Uppsala-universitet.pdf\"\n            >\n              Uppsala &#8211; Obekv\u00e4mtidstill\u00e4gg f\u00f6r l\u00e4rare som innehar anst\u00e4llning vid Uppsala universitet\n            <\/a>\n          <\/h4>\n        <\/div>\n              <div class=\"mt-3 md:mt-4 first:mt-0\">\n          <h4 class=\"font-medium md:text-lg\">\n            <a\n              rel=\"noopener noreferrer\"\n              target=\"_blank\"\n              href=\"https:\/\/sulf.se\/app\/uploads\/2016\/05\/uppsala-universitet-arbetstidsavtal-lokalvard.pdf\"\n            >\n              Uppsala universitet &#8211; Arbetstidsavtal lokalv\u00e5rd\n            <\/a>\n          <\/h4>\n        <\/div>\n              <div class=\"mt-3 md:mt-4 first:mt-0\">\n          <h4 class=\"font-medium md:text-lg\">\n            <a\n              rel=\"noopener noreferrer\"\n              target=\"_blank\"\n              href=\"https:\/\/sulf.se\/app\/uploads\/2016\/05\/uppsala-universitet-arbetstidsavtal-teknisk-administrativ-personal.pdf\"\n            >\n              Uppsala universitet &#8211; Arbetstidsavtal teknisk administrativ personal\n            <\/a>\n          <\/h4>\n        <\/div>\n              <div class=\"mt-3 md:mt-4 first:mt-0\">\n          <h4 class=\"font-medium md:text-lg\">\n            <a\n              rel=\"noopener noreferrer\"\n              target=\"_blank\"\n              href=\"https:\/\/sulf.se\/app\/uploads\/2016\/06\/uppsala-universitet-lokalt-avtal-om-lokala-omstallningsmedel.pdf\"\n            >\n              Uppsala universitet &#8211; Lokalt avtal om lokala omst\u00e4llningsmedel\n            <\/a>\n          <\/h4>\n        <\/div>\n              <div class=\"mt-3 md:mt-4 first:mt-0\">\n          <h4 class=\"font-medium md:text-lg\">\n            <a\n              rel=\"noopener noreferrer\"\n              target=\"_blank\"\n              href=\"https:\/\/sulf.se\/app\/uploads\/2016\/05\/uppsala-universitet-lokalt-kollektivavtal-begransningsperiod-vid-oregelbunden-eller-koncentrerad-arbetstid.pdf\"\n            >\n              Uppsala universitet &#8211; Lokalt kollektivavtal begr\u00e4nsningsperiod vid oregelbunden eller koncentrerad arbetstid\n            <\/a>\n          <\/h4>\n        <\/div>\n              <div class=\"mt-3 md:mt-4 first:mt-0\">\n          <h4 class=\"font-medium md:text-lg\">\n            <a\n              rel=\"noopener noreferrer\"\n              target=\"_blank\"\n              href=\"https:\/\/sulf.se\/app\/uploads\/2016\/05\/uppsala-universitet-lokalt-kollektivavtal-ersattning-semester-och-sjukdom.pdf\"\n            >\n              Uppsala universitet &#8211; Lokalt kollektivavtal ers\u00e4ttning semester och sjukdom\n            <\/a>\n          <\/h4>\n        <\/div>\n              <div class=\"mt-3 md:mt-4 first:mt-0\">\n          <h4 class=\"font-medium md:text-lg\">\n            <a\n              rel=\"noopener noreferrer\"\n              target=\"_blank\"\n              href=\"https:\/\/sulf.se\/app\/uploads\/2016\/05\/uppsala-universitet-lokalt-kollektivavtal-for-restid.pdf\"\n            >\n              Uppsala universitet &#8211; Lokalt kollektivavtal f\u00f6r restid\n            <\/a>\n          <\/h4>\n        <\/div>\n              <div class=\"mt-3 md:mt-4 first:mt-0\">\n          <h4 class=\"font-medium md:text-lg\">\n            <a\n              rel=\"noopener noreferrer\"\n              target=\"_blank\"\n              href=\"https:\/\/sulf.se\/app\/uploads\/2016\/05\/uppsala-universitet-lokalt-kollektivavtal-for-sparad-semester-for-larare.pdf\"\n            >\n              Uppsala universitet &#8211; Lokalt kollektivavtal f\u00f6r sparad semester f\u00f6r l\u00e4rare\n            <\/a>\n          <\/h4>\n        <\/div>\n              <div class=\"mt-3 md:mt-4 first:mt-0\">\n          <h4 class=\"font-medium md:text-lg\">\n            <a\n              rel=\"noopener noreferrer\"\n              target=\"_blank\"\n              href=\"https:\/\/sulf.se\/app\/uploads\/2016\/05\/uppsala-universitet-lokalt-kollektivavtal-om-brededskap.pdf\"\n            >\n              Uppsala universitet &#8211; Lokalt kollektivavtal om brededskap\n            <\/a>\n          <\/h4>\n        <\/div>\n              <div class=\"mt-3 md:mt-4 first:mt-0\">\n          <h4 class=\"font-medium md:text-lg\">\n            <a\n              rel=\"noopener noreferrer\"\n              target=\"_blank\"\n              href=\"https:\/\/sulf.se\/app\/uploads\/2016\/05\/uppsala-universitet-lokalt-kollektivavtal-om-chefskrets.pdf\"\n            >\n              Uppsala universitet &#8211; Lokalt kollektivavtal om chefskrets\n            <\/a>\n          <\/h4>\n        <\/div>\n              <div class=\"mt-3 md:mt-4 first:mt-0\">\n          <h4 class=\"font-medium md:text-lg\">\n            <a\n              rel=\"noopener noreferrer\"\n              target=\"_blank\"\n              href=\"https:\/\/sulf.se\/app\/uploads\/2016\/05\/uppsala-universitet-lokalt-kollektivavtal-om-tidsbegransad-anstallning-som-adjungeradlarare.pdf\"\n            >\n              Uppsala universitet &#8211; lokalt kollektivavtal om tidsbegr\u00e4nsad anst\u00e4llning som adjungeradl\u00e4rare\n            <\/a>\n          <\/h4>\n        <\/div>\n              <div class=\"mt-3 md:mt-4 first:mt-0\">\n          <h4 class=\"font-medium md:text-lg\">\n            <a\n              rel=\"noopener noreferrer\"\n              target=\"_blank\"\n              href=\"https:\/\/sulf.se\/app\/uploads\/2016\/05\/uppsala-universitet-lokalt-kollektivavtal-om-timarvoden-och-andra-ersattningar.pdf\"\n            >\n              Uppsala universitet &#8211; Lokalt kollektivavtal om timarvoden och andra ers\u00e4ttningar\n            <\/a>\n          <\/h4>\n        <\/div>\n              <div class=\"mt-3 md:mt-4 first:mt-0\">\n          <h4 class=\"font-medium md:text-lg\">\n            <a\n              rel=\"noopener noreferrer\"\n              target=\"_blank\"\n              href=\"https:\/\/sulf.se\/app\/uploads\/2016\/05\/uppsala-universitet-lokalt-kollektivavtal-rals.pdf\"\n            >\n              Uppsala universitet &#8211; Lokalt kollektivavtal RALS\n            <\/a>\n          <\/h4>\n        <\/div>\n              <div class=\"mt-3 md:mt-4 first:mt-0\">\n          <h4 class=\"font-medium md:text-lg\">\n            <a\n              rel=\"noopener noreferrer\"\n              target=\"_blank\"\n              href=\"https:\/\/sulf.se\/app\/uploads\/2019\/11\/uppsalauniversitet-lokalt-kolletivavtal-om-arbetstid-arbetstidsberoende-ersattningar-larare-klinisk-tjanstgoring-191114.pdf\"\n            >\n              Uppsala Universitet &#8211; lokalt kollektivavtal om arbetstid och arbetstidsberoende ers\u00e4ttningar f\u00f6r vissa l\u00e4rare med klinisk tj\u00e4nstg\u00f6ring\n            <\/a>\n          <\/h4>\n        <\/div>\n          <\/div>\n  <\/div>\n","protected":false},"excerpt":{"rendered":"<p>H\u00e4r hittar du lokala avtal som finns vid Uppsala universitet. Sammanst\u00e4llningen bygger p\u00e5 information fr\u00e5n Uppsala universitets lokala Saco-S-f\u00f6rening. Alla &hellip;<\/p>\n","protected":false},"author":1,"featured_media":0,"parent":0,"menu_order":3,"comment_status":"closed","ping_status":"closed","template":"","meta":{"_acf_changed":false,"footnotes":""},"class_list":["post-500","page","type-page","status-publish","hentry"],"acf":[],"_links":{"self":[{"href":"https:\/\/sulf.se\/sulfs-foreningar\/sulfuppsala\/wp-json\/wp\/v2\/pages\/500","targetHints":{"allow":["GET"]}}],"collection":[{"href":"https:\/\/sulf.se\/sulfs-foreningar\/sulfuppsala\/wp-json\/wp\/v2\/pages"}],"about":[{"href":"https:\/\/sulf.se\/sulfs-foreningar\/sulfuppsala\/wp-json\/wp\/v2\/types\/page"}],"author":[{"embeddable":true,"href":"https:\/\/sulf.se\/sulfs-foreningar\/sulfuppsala\/wp-json\/wp\/v2\/users\/1"}],"replies":[{"embeddable":true,"href":"https:\/\/sulf.se\/sulfs-foreningar\/sulfuppsala\/wp-json\/wp\/v2\/comments?post=500"}],"version-history":[{"count":9,"href":"https:\/\/sulf.se\/sulfs-foreningar\/sulfuppsala\/wp-json\/wp\/v2\/pages\/500\/revisions"}],"predecessor-version":[{"id":837,"href":"https:\/\/sulf.se\/sulfs-foreningar\/sulfuppsala\/wp-json\/wp\/v2\/pages\/500\/revisions\/837"}],"wp:attachment":[{"href":"https:\/\/sulf.se\/sulfs-foreningar\/sulfuppsala\/wp-json\/wp\/v2\/media?parent=500"}],"curies":[{"name":"wp","href":"https:\/\/api.w.org\/{rel}","templated":true}]}}

<p class="is-style-lead-text">Här hittar du lokala avtal som finns vid Uppsala universitet.</p>



<p>Sammanställningen bygger på information från Uppsala universitets lokala Saco-S-förening. Alla avtal kanske därför inte finns med på den här sidan. Hör av dig till Saco-S-föreningen vid universitetet om det är något avtal du saknar.</p>


<div
    class="
      wp-block-local-section-documents not-prose
      my-8 pt-4 border-t border-neutral-300
      lg:my-10
      first:pt-0 first:border-t-0 first:mt-0 last:mb-0
    "
  >
    
    <div>
              <div class="mt-3 md:mt-4 first:mt-0">
          <h4 class="font-medium md:text-lg">
            <a
              rel="noopener noreferrer"
              target="_blank"
              href="https://sulf.se/app/uploads/2023/01/Uppsala_-Lokalt-kollektivavtal-om-loner-for-doktorander-2022.pdf"
            >
              Uppsala &#8211;  Lokalt-kollektivavtal-om-loner-for-doktorander-2022
            </a>
          </h4>
        </div>
              <div class="mt-3 md:mt-4 first:mt-0">
          <h4 class="font-medium md:text-lg">
            <a
              rel="noopener noreferrer"
              target="_blank"
              href="https://sulf.se/app/uploads/2023/01/Uppsala_Lokalt-kollektivavtal-om-undervisning-och-arbetstid-mm-for-doktorander-vid-Uppsala-universitet.pdf"
            >
              Uppsala &#8211; Lokalt kollektivavtal om undervisning och arbetstid mm för doktorander vid Uppsala universitet
            </a>
          </h4>
        </div>
              <div class="mt-3 md:mt-4 first:mt-0">
          <h4 class="font-medium md:text-lg">
            <a
              rel="noopener noreferrer"
              target="_blank"
              href="https://sulf.se/app/uploads/2023/01/Uppsala_Lokalt-kollektivavtal-om-undervisning-och-arbetstid-mm-for-larare.pdf"
            >
              Uppsala &#8211; Lokalt kollektivavtal om undervisning och arbetstid mm för lärare
            </a>
          </h4>
        </div>
              <div class="mt-3 md:mt-4 first:mt-0">
          <h4 class="font-medium md:text-lg">
            <a
              rel="noopener noreferrer"
              target="_blank"
              href="https://sulf.se/app/uploads/2023/01/Uppsala_Obekvamtidstillagg-for-larare-som-innehar-anstallning-vid-Uppsala-universitet.pdf"
            >
              Uppsala &#8211; Obekvämtidstillägg för lärare som innehar anställning vid Uppsala universitet
            </a>
          </h4>
        </div>
              <div class="mt-3 md:mt-4 first:mt-0">
          <h4 class="font-medium md:text-lg">
            <a
              rel="noopener noreferrer"
              target="_blank"
              href="https://sulf.se/app/uploads/2016/05/uppsala-universitet-arbetstidsavtal-lokalvard.pdf"
            >
              Uppsala universitet &#8211; Arbetstidsavtal lokalvård
            </a>
          </h4>
        </div>
              <div class="mt-3 md:mt-4 first:mt-0">
          <h4 class="font-medium md:text-lg">
            <a
              rel="noopener noreferrer"
              target="_blank"
              href="https://sulf.se/app/uploads/2016/05/uppsala-universitet-arbetstidsavtal-teknisk-administrativ-personal.pdf"
            >
              Uppsala universitet &#8211; Arbetstidsavtal teknisk administrativ personal
            </a>
          </h4>
        </div>
              <div class="mt-3 md:mt-4 first:mt-0">
          <h4 class="font-medium md:text-lg">
            <a
              rel="noopener noreferrer"
              target="_blank"
              href="https://sulf.se/app/uploads/2016/06/uppsala-universitet-lokalt-avtal-om-lokala-omstallningsmedel.pdf"
            >
              Uppsala universitet &#8211; Lokalt avtal om lokala omställningsmedel
            </a>
          </h4>
        </div>
              <div class="mt-3 md:mt-4 first:mt-0">
          <h4 class="font-medium md:text-lg">
            <a
              rel="noopener noreferrer"
              target="_blank"
              href="https://sulf.se/app/uploads/2016/05/uppsala-universitet-lokalt-kollektivavtal-begransningsperiod-vid-oregelbunden-eller-koncentrerad-arbetstid.pdf"
            >
              Uppsala universitet &#8211; Lokalt kollektivavtal begränsningsperiod vid oregelbunden eller koncentrerad arbetstid
            </a>
          </h4>
        </div>
              <div class="mt-3 md:mt-4 first:mt-0">
          <h4 class="font-medium md:text-lg">
            <a
              rel="noopener noreferrer"
              target="_blank"
              href="https://sulf.se/app/uploads/2016/05/uppsala-universitet-lokalt-kollektivavtal-ersattning-semester-och-sjukdom.pdf"
            >
              Uppsala universitet &#8211; Lokalt kollektivavtal ersättning semester och sjukdom
            </a>
          </h4>
        </div>
              <div class="mt-3 md:mt-4 first:mt-0">
          <h4 class="font-medium md:text-lg">
            <a
              rel="noopener noreferrer"
              target="_blank"
              href="https://sulf.se/app/uploads/2016/05/uppsala-universitet-lokalt-kollektivavtal-for-restid.pdf"
            >
              Uppsala universitet &#8211; Lokalt kollektivavtal för restid
            </a>
          </h4>
        </div>
              <div class="mt-3 md:mt-4 first:mt-0">
          <h4 class="font-medium md:text-lg">
            <a
              rel="noopener noreferrer"
              target="_blank"
              href="https://sulf.se/app/uploads/2016/05/uppsala-universitet-lokalt-kollektivavtal-for-sparad-semester-for-larare.pdf"
            >
              Uppsala universitet &#8211; Lokalt kollektivavtal för sparad semester för lärare
            </a>
          </h4>
        </div>
              <div class="mt-3 md:mt-4 first:mt-0">
          <h4 class="font-medium md:text-lg">
            <a
              rel="noopener noreferrer"
              target="_blank"
              href="https://sulf.se/app/uploads/2016/05/uppsala-universitet-lokalt-kollektivavtal-om-brededskap.pdf"
            >
              Uppsala universitet &#8211; Lokalt kollektivavtal om brededskap
            </a>
          </h4>
        </div>
              <div class="mt-3 md:mt-4 first:mt-0">
          <h4 class="font-medium md:text-lg">
            <a
              rel="noopener noreferrer"
              target="_blank"
              href="https://sulf.se/app/uploads/2016/05/uppsala-universitet-lokalt-kollektivavtal-om-chefskrets.pdf"
            >
              Uppsala universitet &#8211; Lokalt kollektivavtal om chefskrets
            </a>
          </h4>
        </div>
              <div class="mt-3 md:mt-4 first:mt-0">
          <h4 class="font-medium md:text-lg">
            <a
              rel="noopener noreferrer"
              target="_blank"
              href="https://sulf.se/app/uploads/2016/05/uppsala-universitet-lokalt-kollektivavtal-om-tidsbegransad-anstallning-som-adjungeradlarare.pdf"
            >
              Uppsala universitet &#8211; lokalt kollektivavtal om tidsbegränsad anställning som adjungeradlärare
            </a>
          </h4>
        </div>
              <div class="mt-3 md:mt-4 first:mt-0">
          <h4 class="font-medium md:text-lg">
            <a
              rel="noopener noreferrer"
              target="_blank"
              href="https://sulf.se/app/uploads/2016/05/uppsala-universitet-lokalt-kollektivavtal-om-timarvoden-och-andra-ersattningar.pdf"
            >
              Uppsala universitet &#8211; Lokalt kollektivavtal om timarvoden och andra ersättningar
            </a>
          </h4>
        </div>
              <div class="mt-3 md:mt-4 first:mt-0">
          <h4 class="font-medium md:text-lg">
            <a
              rel="noopener noreferrer"
              target="_blank"
              href="https://sulf.se/app/uploads/2016/05/uppsala-universitet-lokalt-kollektivavtal-rals.pdf"
            >
              Uppsala universitet &#8211; Lokalt kollektivavtal RALS
            </a>
          </h4>
        </div>
              <div class="mt-3 md:mt-4 first:mt-0">
          <h4 class="font-medium md:text-lg">
            <a
              rel="noopener noreferrer"
              target="_blank"
              href="https://sulf.se/app/uploads/2019/11/uppsalauniversitet-lokalt-kolletivavtal-om-arbetstid-arbetstidsberoende-ersattningar-larare-klinisk-tjanstgoring-191114.pdf"
            >
              Uppsala Universitet &#8211; lokalt kollektivavtal om arbetstid och arbetstidsberoende ersättningar för vissa lärare med klinisk tjänstgöring
            </a>
          </h4>
        </div>
          </div>
  </div>

<p>Här hittar du lokala avtal som finns vid Uppsala universitet. Sammanställningen bygger på information från Uppsala universitets lokala Saco-S-förening. Alla &hellip;</p>
